5*f + 12. Suppose -2*k + 1227 = f*h - 18699, 0 = 4*k - 4. Is h a composite number?
True
Suppose -10*v = -24448 - 83662. Is v a composite number?
True
Let k(a) be the third derivative of a**6/90 + a**5/60 + a**4/24 + 4*a**3/3 + 6*a**2. Let h(g) be the first derivative of k(g). Is h(2) a composite number?
True
Let i be (1 - -16) + 4 + -7 + -1. Suppose 19*h = i*h + 5730. Is h prime?
False
Is 34022 - (-3 + 2)*-3 prime?
True
Let d = -18 - -28. Is (-5)/2*12/d*-541 a prime number?
False
Let v = -948 + 1657. Is v prime?
True
Let i(p) = 16*p**2 + 7*p - 4. Let g = 12 + -7. Let n be i(g). Let z = n + -298. Is z a prime number?
False
Suppose 9 + 4 = 4*i + h, 2*h - 5 = -i. Suppose i*d - 47 + 26 = 0. Is d a composite number?
False
Suppose -31571 + 1091 = -5*n + 5*c, -c + 30510 = 5*n. Is n composite?
False
Let q be (23/69)/(2/(-54)). Let t(o) = -9*o**3 - 13*o**2 - 26*o + 13. Is t(q) a composite number?
True
Let i(m) = 55*m**2 + 14*m - 11. Suppose 34 = 5*p - 4*x, p = -x + 4 + 1. Is i(p) a prime number?
True
Let s = -10022 + 15169. Is s composite?
False
Let p = 4653 - 2876. Is p a composite number?
False
Let b = 48734 - 29955. Is b a composite number?
True
Is 5/5 - (-108870)/3 composite?
True
Suppose 4*m = -o + 887, -o - 5*m + 887 = -3*m. Is o prime?
True
Let l(z) = -3*z. Let y be l(-1). Suppose -3*n + y = -2*n. Suppose -6*w = -2*w, 5*s = -n*w + 370. Is s a prime number?
False
Suppose 3*w - 7*w = -284. Let k = w + -13. Is k composite?
True
Suppose 0 = -i - 5*t - 473, 2*i + 2*t + 467 = i. Is i/(-3) + 40/60 prime?
False
Let i = -16 - 32. Let g be (2 - 17)*i/9. Let k = -43 + g. Is k prime?
True
Is (-4)/10 - (41160/(-25) + 3) a prime number?
False
Suppose 0*k + 15*k + 420 = 0. Is 3761/5 + k/(-35) composite?
True
Let u = 32566 + -22611. Suppose -u - 5933 = -16*w. Is w prime?
False
Let i(l) = 2 - 2*l**2 + 0 - 3 + 0*l - 3*l. Let q be i(-3). Is 105*3 - (8 + q) a composite number?
False
Suppose -2*a + u - 17 = 0, -a - 5 = -2*u - 1. Let l = 14 + a. Suppose 5*t + l*y - 275 = -0*y, -5*t + 285 = 2*y. Is t prime?
True
Let o(r) = -3*r - 6. Let l be o(-4). Let v be 43 + -4*(-3)/l. Is ((-18)/v)/(1/(-395)) a composite number?
True
Let f be (-2 + -1139)*(-7 - -6). Let n = 3458 - f. Is n a prime number?
False
Let u(m) = -m + 15. Let g be u(10). Suppose 7772 = b - 3*d, -23292 = -g*b + 2*b + d. Is b composite?
True
Suppose -14*j + 22*j - 16 = 0. Is (-158795)/(-175) - (j/(-5))/(-1) prime?
True
Let m = 4 - -1. Let w(v) be the third derivative of v**6/40 + v**5/15 - 7*v**4/24 + v**3/2 - 298*v**2. Is w(m) prime?
True
Let x(j) = -j**2 - 6*j - 3. Let q be x(-5). Is 513/3 - q - (-2 - -2) a prime number?
False
Let y be ((-230)/(-15))/((-3)/(-9)). Suppose u - 188 = -y. Let s = u + -68. Is s prime?
False
Let z = 0 + 3. Suppose 0 = 5*u - 0*w + w - 47, 0 = z*w + 9. Is u composite?
True
Let i(x) = 15*x**2 - x + 1. Let p(f) = f**3 + 6*f**2 + f. Let k be p(-6). Is i(k) composite?
False
Let r = -23 - -26. Suppose 2*w = 3*w - 4*q + 759, -5*q = -r*w - 2305. Let v = w - -1460. Is v prime?
False
Let h(c) = -c**2 - c - 1. Let y(v) = 200*v**2 - 10*v - 13. Let x(w) = -6*h(w) + y(w). Let b be x(-3). Suppose 5*z + 404 = b. Is z prime?
False
Suppose 2*r + 14*t = 9*t + 602, 4*r + 5*t = 1204. Let g = r + -174. Is g prime?
True
Is (-22201*1)/(-18 - -17) a prime number?
False
Is (-7)/84*-6*17314 composite?
True
Suppose -2*z = 5*y - 33035, 11*y - 6615 = 10*y - 2*z. Is y prime?
False
Let a be 354 + 2 + 0 + -3. Suppose a = 5*o - 177. Is o a prime number?
False
Let f = 39 - 36. Let i be (1/3)/((-1)/(-201)). Suppose -p + f*p + i = c, -166 = -3*c - p. Is c composite?
True
Suppose -q + 5*a + 169 = 0, 3*q - 4*a - 267 = 273. Suppose -4*c + 596 = -q. Suppose -2*r + c = r. Is r a prime number?
False
Let m(k) be the first derivative of -3*k**2/2 + 2*k + 5. Let o be m(-2). Is 0 - -2*844/o a composite number?
False
Suppose 25898 + 2997 = 5*q. Is q a prime number?
True
Let d(q) = 2*q - 1. Let o be d(3). Suppose c = 8*r - 6*r + 121, 4*c - 445 = -o*r. Is c composite?
True
Let h(k) = k - 7. Let y be h(11). Let t be (-85)/5 - y*1. Let b = t - -36. Is b prime?
False
Let p = -19 + 12. Let i be (-19)/p - (-4)/14. Is 157 + i + (-3)/3 a prime number?
False
Let s = 2391 + -236. Is s composite?
True
Suppose 2*h + 24 = 6*m - m, -6 = -2*h. Is (-1)/((-1)/43*m/222) prime?
False
Let c be (-2)/15 - (-2031)/45. Suppose 3*w + w + z + c = 0, w = 3*z - 8. Let r(m) = -4*m + 27. Is r(w) prime?
True
Suppose y = -3*y + 7260. Let k = y + -1184. Is k prime?
True
Let t(l) = -l + 5. Let v be t(3). Suppose 0 = -v*o + 9444 - 430. Is o a composite number?
False
Let q = -111 + 550. Is q a prime number?
True
Let f(x) = -32*x**3 + 3*x**2 - 13*x - 41. Is f(-5) a composite number?
False
Suppose -2*x = -0*x - 70. Let c = -23 + x. Let t(z) = 4*z + 10. Is t(c) a composite number?
True
Suppose -4*g + 6762 = 3*g. Suppose 0 = 2*k - 2*p - g - 64, 2*k = -5*p + 1058. Is k composite?
True
Let l be -12*((-86)/(-3) + -1)*-1. Suppose -6*v + l = -4*v. Is v a prime number?
False
Suppose -3*k = -6, 1 = 2*d + 3*k - 5. Is 492 + (d - -1 - 4) prime?
False
Let v = 75003 + -34790. Is v prime?
True
Let x(r) = -r**3 + 5*r**2 - 3*r + 2. Let i be x(2). Suppose i = 5*d - 4*d - 3*u, -3*d - u = 6. Is d + 1 + -2 - -301 a prime number?
False
Let h = 1089 + 5432. Is h prime?
True
Let z(j) = 237*j**2 + 10*j - 8. Let r be z(3). Suppose -1094 = -2*a + 4*h, -4*a - 3*h + r = -0*a. Is a a prime number?
True
Suppose -40*p = -36*p - 7908. Is p prime?
False
Is ((-39752)/(-12) - 4)/((-4)/(-6)) a prime number?
False
Let l be (-2)/((-4)/(107 - 3)). Let f = l - 937. Is (-1)/(3/f) - 2 a composite number?
False
Let a = -895 + 2558. Is a prime?
True
Suppose -d = 3*k - 29, -4*k + 2*d + 22 = -10. Suppose -k*n + 524 = -8*n. Suppose 0*g + n = 4*g. Is g a composite number?
False
Suppose 72*u + 20015 = 73*u. Is u prime?
False
Let d = 36 + -32. Is 79 - ((1 - d) + -1) a prime number?
True
Let i = -9537 - -56990. Is i a prime number?
False
Let w(k) = k**2 + 2*k + 568. Let x be w(0). Suppose 3*a = 185 + x. Is a a composite number?
False
Suppose -210*n + 215*n = 3855. Is n prime?
False
Is (60/(-16) - -3) + (-33302)/(-8) prime?
False
Let q be (2 - 466/(-4))*2. Let n = -522 - -352. Let r = q - n. Is r a composite number?
True
Is (-9)/12*-2*(-190604)/(-51) composite?
True
Let t = -93 - -132. Is t composite?
True
Let c(l) be the second derivative of -l**3/6 + 5*l**2/2 + l. Let m be c(2). Is (m/(-9))/(3/(-1413)) a prime number?
True
Let k(y) be the third derivative of 13*y**5/12 + y**4/8 + y**3/2 - 2*y**2. Suppose -p = -5*s - 39 + 16, -1 = -2*p + s. Is k(p) prime?
True
Is -4 - (2 + 5468/(-4)) a prime number?
True
Let g(s) = -290*s + 207. Is g(-35) a composite number?
False
Suppose 0 = 7*o - 16*o + 246879. Is o composite?
False
Suppose 0 = 10*o - 7*o - 5*m - 16755, 0 = -o + 2*m + 5585. Is o prime?
False
Suppose 3*d - 4035 = 756. Is d a composite number?
False
Let m be 0*(-1)/3 - 0. Let n be (-3)/(3 - m)*4. Is n/10*(-14 - 431) composite?
True
Let y be 4/8 + 1/(-2). Suppose r - 473 - 1011 = y. Suppose -801 = -4*s + n, 0 = 5*s + 2*n - r + 499. Is s prime?
True
Let v = 1632 + -1044. Suppose -4*d + 1063 = 5*g - v, -4*g = 2*d - 1322. Is g prime?
True
Suppose 5*u = 3 - 3. Suppose u = -17*o + 13*o + 1948. Is o prime?
True
Let u(h) be the first derivative of 118/3*h**3 - 3*h - 3 + 3*h**2. Is u(2) a prime number?
False
Is 118384/22 + (-47)/517 a composite number?
False
Let u = -1749 + 2602. Is u a composite number?
False
Let j = -13 + 17. Suppose r + j = -r, d - 3*r = 207. Is d prime?
False
Is 6/(-16) + (-251611)/(-8) composite?
True
Suppose 0 = 4*p + 5*u - 31953 - 1628, 3*u - 16789 = -2*p. Is p prime?
False
Let q = -19410 - -48637. Is q a composite number?
True
Let z be ((-48)/(-28))/(-4) - (-986)/14. Suppose -g - z = -323. Is g a prime number?
False
Let i(l) = -l**2 - 11*l + 3. Let q be ((-30)/(-9) - 2)*3. Suppose -11 = 4*w - q*f + 1, 4*f + 30 = -2*w. Is i(w) a composite number?
False
Let w be 4/(-6)*54/(-3). Is 17*3/w*68 a composite number?
True
Let m be ((-16)/6)/(3/9). Is m/12*2622/(-4) a composite number?
True
Suppose 2*u + t + 4 = 0, 4*u - t = -2*t - 6. Is 31 + 1121 - 2/u prime?
False
Let d(n) = 127*n + 3. Let z be d(-2). Let t be (-1)/4 + 647/(-4). Let v = t - z. Is v composite?
False
Let w be (0 - 10)*(-121)/22. Is 54376/